{"id":78,"date":"2018-01-18T21:58:40","date_gmt":"2018-01-18T20:58:40","guid":{"rendered":"http:\/\/fewo-weiher.de\/de\/?page_id=78"},"modified":"2025-07-18T11:01:08","modified_gmt":"2025-07-18T09:01:08","slug":"startseite","status":"publish","type":"page","link":"https:\/\/www.fewo-weiher.de\/de\/","title":{"rendered":"Ferienwohnung"},"content":{"rendered":"<p>Unsere moderne und helle Ferienwohnung Weiher &#8211; n\u00e4he N\u00fcrnberg \/ Messe, befindet sich im 1. Stock eines 2-Familienhaus in Schwanstetten Ortsteil Schwand.<br \/>\nDie Ferienwohnung bietet Platz f\u00fcr max. 6 Personen (davon 1 Kind bis 2 J.).<\/p>\n<p>Die Wohnung liegt in einer Sackgasse in Waldn\u00e4he, aber auch zentral zu diversen Einkaufsm\u00f6glichkeiten und \u00f6ffentlichen Verkehrsmitteln.<\/p>\n<p>Ihnen steht eine vollwertige K\u00fcche mit Sitzgelegenheit, Wohnzimmer, 2 separate Schlafzimmer, ein Bad mit Dusche, Badewanne, Waschbecken und WC, sowie ein \u00fcberdachter S\u00fcd Balkon zur Verf\u00fcgung.<\/p>\n<p><strong>\u00bb\u00bb<\/strong>&nbsp;<a href=\"https:\/\/www.fewo-weiher.de\/de\/bilder\/\">Bilder der Ferienwohnung<\/a><br \/>\n<strong>\u00bb\u00bb<\/strong> <a href=\"https:\/\/www.fewo-weiher.de\/de\/preise\/\">Verf\u00fcgbarkeit<\/a><br \/>\n<strong>\u00bb\u00bb<\/strong>&nbsp;<a href=\"https:\/\/www.fewo-weiher.de\/de\/online-buchung\/\">Online Buchung<\/a><\/p>\n<p>Die Wohnfl\u00e4che betr\u00e4gt ca. 78 m\u00b2.<\/p>\n<p>Die vollausgestattete K\u00fcche ist u.a. mit Herd- und Kochfeld, K\u00fchlschrank mit Gefrierf\u00e4chern, Sp\u00fclmaschine, Mikrowelle, Nespresso Kaffeemaschine, Toaster, Wasserkocher und Sitzm\u00f6glichkeiten ausgestattet.<\/p>\n<p>Das helle und freundliche Wohnzimmer ist mit einem gro\u00dfen Flachbildschirm (SAT TV), einer gro\u00dfz\u00fcgigen Couch, DAB Bluetooth Radio und einem Esstisch f\u00fcr bis zu 6 Personen ausgestattet.<br \/>\nEine WII Spielekonsole mit diversen Spielen vertreibt auch die Zeit an regnerischen Tagen.<br \/>\nEine 5. Person kann im Wohnzimmer auf einem Klappbett (80x200cm) \u00fcbernachten.<\/p>\n<p>Der 1. Schlafraum ist eingerichtet mit einem Doppelbett, sowie einem Flachbildfernseher.<br \/>\nIm 2. Schlafraum stehen Ihnen 2 Einzelbetten als Schlafm\u00f6glichkeit zur Verf\u00fcgung, sowie ein Flachbildfernseher.<br \/>\nEin Babyreisebett und Hochstuhl (kostenfrei) ist ebenfalls in der Wohnung vorhanden.<\/p>\n<p>In der Ferienwohnung gibt es auch eine Minibar (exklusive) mit kleinen Snacks und Getr\u00e4nken.<\/p>\n<p>In der gesamten Wohnung ist kostenloses WLAN verf\u00fcgbar.<br \/>\nHandt\u00fccher, Bettw\u00e4sche und die Endreinigung sind im Preis enthalten. Shampoo, Seife, Kosmetikt\u00fccher und eine Erstausstattung an Toilettenpapier finden Sie bei ihrer Anreise in der Ferienwohnung.<\/p>\n<p>&nbsp;<\/p>\n","protected":false},"excerpt":{"rendered":"<p>Unsere moderne und helle Ferienwohnung Weiher &#8211; n\u00e4he N\u00fcrnberg \/ Messe, befindet sich im 1. Stock eines 2-Familienhaus in Schwanstetten Ortsteil Schwand. Die Ferienwohnung bietet Platz f\u00fcr max. 6 Personen (davon 1 Kind bis 2 J.). Die Wohnung liegt in einer Sackgasse in Waldn\u00e4he, aber auch zentral zu diversen Einkaufsm\u00f6glichkeiten und \u00f6ffentlichen Verkehrsmitteln. Ihnen steht &hellip; <\/p>\n<p class=\"link-more\"><a href=\"https:\/\/www.fewo-weiher.de\/de\/\" class=\"more-link\"><span class=\"screen-reader-text\">&#8222;Ferienwohnung&#8220;<\/span> weiterlesen<\/a><\/p>\n","protected":false},"author":1,"featured_media":0,"parent":0,"menu_order":0,"comment_status":"closed","ping_status":"closed","template":"","meta":{"ngg_post_thumbnail":0},"_links":{"self":[{"href":"https:\/\/www.fewo-weiher.de\/de\/wp-json\/wp\/v2\/pages\/78"}],"collection":[{"href":"https:\/\/www.fewo-weiher.de\/de\/wp-json\/wp\/v2\/pages"}],"about":[{"href":"https:\/\/www.fewo-weiher.de\/de\/wp-json\/wp\/v2\/types\/page"}],"author":[{"embeddable":true,"href":"https:\/\/www.fewo-weiher.de\/de\/wp-json\/wp\/v2\/users\/1"}],"replies":[{"embeddable":true,"href":"https:\/\/www.fewo-weiher.de\/de\/wp-json\/wp\/v2\/comments?post=78"}],"version-history":[{"count":10,"href":"https:\/\/www.fewo-weiher.de\/de\/wp-json\/wp\/v2\/pages\/78\/revisions"}],"predecessor-version":[{"id":647,"href":"https:\/\/www.fewo-weiher.de\/de\/wp-json\/wp\/v2\/pages\/78\/revisions\/647"}],"wp:attachment":[{"href":"https:\/\/www.fewo-weiher.de\/de\/wp-json\/wp\/v2\/media?parent=78"}],"curies":[{"name":"wp","href":"https:\/\/api.w.org\/{rel}","templated":true}]}}

<p>Unsere moderne und helle Ferienwohnung Weiher &#8211; nähe Nürnberg / Messe, befindet sich im 1. Stock eines 2-Familienhaus in Schwanstetten Ortsteil Schwand.<br />
Die Ferienwohnung bietet Platz für max. 6 Personen (davon 1 Kind bis 2 J.).</p>
<p>Die Wohnung liegt in einer Sackgasse in Waldnähe, aber auch zentral zu diversen Einkaufsmöglichkeiten und öffentlichen Verkehrsmitteln.</p>
<p>Ihnen steht eine vollwertige Küche mit Sitzgelegenheit, Wohnzimmer, 2 separate Schlafzimmer, ein Bad mit Dusche, Badewanne, Waschbecken und WC, sowie ein überdachter Süd Balkon zur Verfügung.</p>
<p><strong>»»</strong>&nbsp;<a href="https://www.fewo-weiher.de/de/bilder/">Bilder der Ferienwohnung</a><br />
<strong>»»</strong> <a href="https://www.fewo-weiher.de/de/preise/">Verfügbarkeit</a><br />
<strong>»»</strong>&nbsp;<a href="https://www.fewo-weiher.de/de/online-buchung/">Online Buchung</a></p>
<p>Die Wohnfläche beträgt ca. 78 m².</p>
<p>Die vollausgestattete Küche ist u.a. mit Herd- und Kochfeld, Kühlschrank mit Gefrierfächern, Spülmaschine, Mikrowelle, Nespresso Kaffeemaschine, Toaster, Wasserkocher und Sitzmöglichkeiten ausgestattet.</p>
<p>Das helle und freundliche Wohnzimmer ist mit einem großen Flachbildschirm (SAT TV), einer großzügigen Couch, DAB Bluetooth Radio und einem Esstisch für bis zu 6 Personen ausgestattet.<br />
Eine WII Spielekonsole mit diversen Spielen vertreibt auch die Zeit an regnerischen Tagen.<br />
Eine 5. Person kann im Wohnzimmer auf einem Klappbett (80x200cm) übernachten.</p>
<p>Der 1. Schlafraum ist eingerichtet mit einem Doppelbett, sowie einem Flachbildfernseher.<br />
Im 2. Schlafraum stehen Ihnen 2 Einzelbetten als Schlafmöglichkeit zur Verfügung, sowie ein Flachbildfernseher.<br />
Ein Babyreisebett und Hochstuhl (kostenfrei) ist ebenfalls in der Wohnung vorhanden.</p>
<p>In der Ferienwohnung gibt es auch eine Minibar (exklusive) mit kleinen Snacks und Getränken.</p>
<p>In der gesamten Wohnung ist kostenloses WLAN verfügbar.<br />
Handtücher, Bettwäsche und die Endreinigung sind im Preis enthalten. Shampoo, Seife, Kosmetiktücher und eine Erstausstattung an Toilettenpapier finden Sie bei ihrer Anreise in der Ferienwohnung.</p>
<p>&nbsp;</p>

<p>Unsere moderne und helle Ferienwohnung Weiher &#8211; nähe Nürnberg / Messe, befindet sich im 1. Stock eines 2-Familienhaus in Schwanstetten Ortsteil Schwand. Die Ferienwohnung bietet Platz für max. 6 Personen (davon 1 Kind bis 2 J.). Die Wohnung liegt in einer Sackgasse in Waldnähe, aber auch zentral zu diversen Einkaufsmöglichkeiten und öffentlichen Verkehrsmitteln. Ihnen steht &hellip; </p>
<p class="link-more"><a href="https://www.fewo-weiher.de/de/" class="more-link"><span class="screen-reader-text">&#8222;Ferienwohnung&#8220;</span> weiterlesen</a></p>
